
5
Let l(q) = -2*q**2 + 129*q - 52. Determine l(64).
12
Let w(r) = -3*r**3 - 118*r**2 + 83*r + 143. Calculate w(-40).
23
Let t(w) = w**3 - 4*w**2 + 3*w + 3. What is t(5)?
43
Let l(y) = y**2 - 3444*y - 13784. Calculate l(-4).
8
Let n(z) = -z**2 - 186*z - 1089. Calculate n(-6).
-9
Let o(x) = -99*x - 1756. Calculate o(-16).
-172
Let n(f) = -f**3 - 7*f**2 + 7*f - 5. What is n(-4)?
-81
Let l(c) = -c**3 + 7*c**2 - 25*c + 177. Determine l(7).
2
Let n(l) = 3*l**3 + 239*l**2 - 80*l - 54. Give n(-80).
-54
Let p(d) = d**3 + 20*d - 9. Give p(0).
-9
Let b(r) = 8*r**2 + 144*r - 1138. Calculate b(6).
14
Let s(w) = w**2 + 10*w - 53. Determine s(14).
283
Let d(m) = m**2 + 16*m - 14. Determine d(-10).
-74
Let u(n) = -n**3 - 15*n**2 + 24*n + 17. Give u(-17).
187
Let z(k) = 130*k + 1268. Calculate z(-11).
-162
Let n(a) = 3*a**2 - a - 13. What is n(4)?
31
Let x(v) = 33*v**2 + 36*v + 32. What is x(-2)?
92
Let i(f) = 3632*f + 32691. Determine i(-9).
3
Let c(k) = 8*k**2 - 117*k - 592. Calculate c(-4).
4
Let d(t) = 2*t**2 + 987*t - 7024. Give d(7).
-17
Let p(w) = 8*w**2 - 94*w + 19. Determine p(12).
43
Let y(r) = -r**2 + 9*r - 8. Determine y(8).
0
Let u(o) = 2*o**3 - 2*o**2 + 4*o + 34. Calculate u(-3).
-50
Let z(o) = 14*o - 37. Give z(4).
19
Let p(j) = -j**3 - 9*j**2 - 12*j + 41. Give p(-6).
5
Let s(x) = -4003*x - 68044. What is s(-17)?
7
Let p(u) = 11*u**2 + 11*u. Give p(-2).
22
Let z(c) = 23*c**2 + 642*c - 97. Give z(-28).
-41
Let h(l) = 10*l**3 - 13*l**2 - 6*l - 10. Determine h(-3).
-379
Let a(k) = k**3 - 25*k**2 + 22*k + 41. Determine a(24).
-7
Let r(d) = -d**3 + 16*d**2 - 2*d - 387. What is r(15)?
-192
Let z(g) = -38*g - 1513. Give z(-40).
7
Let q(j) = -7*j**2 - 10*j - 35. Determine q(-6).
-227
Let o(f) = -f**2 - 76*f - 1197. Give o(-49).
126
Let f(b) = 5*b**2 - 92*b - 292. What is f(-3)?
29
Let r(j) = 11*j**3 - 46*j**2 - 19*j + 100. Determine r(4).
-8
Let c(k) = 5*k**2 - 88*k - 35. Determine c(18).
1
Let x(p) = 144*p**2 - 126*p + 3. Determine x(1).
21
Let p(n) = -n**2 - 644*n + 2574. What is p(4)?
-18
Let f(o) = -154*o + 3351. Determine f(21).
117
Let h(g) = 72*g + 91. Calculate h(-1).
19
Let q(m) = m**3 - 42*m**2 + 336*m + 105. What is q(31)?
-50
Let o(z) = 7*z**2 - 55*z + 241. Determine o(6).
163
Let c(q) = -2*q**3 - 54*q**2 + 31*q + 838. Calculate c(-27).
1
Let g(z) = -77*z + 2281. Give g(29).
48
Let o(w) = w**2 - 840*w + 1678. Determine o(2).
2
Let f(k) = k**3 + 32*k**2 + 132*k + 550. Calculate f(-28).
-10
Let d(s) = s**3 + 63*s**2 + 287*s - 189. Calculate d(-58).
-15
Let g(p) = -2*p**3 - 11*p**2 + 114*p + 652. Calculate g(-6).
4
Let w(v) = 198*v + 3541. Determine w(-18).
-23
Let n(q) = 4*q**3 - 52*q**2 - 5*q + 47. What is n(13)?
-18
Let m(a) = -a**3 + 15*a**2 + 76*a - 398. What is m(18)?
-2
Let o(l) = -l**3 - 11*l**2 + 4*l + 104. Give o(-10).
-36
Let f(d) = 70*d - 22. What is f(3)?
188
Let w(a) = -30*a + 8. Give w(5).
-142
Let a(o) = -52*o + 732. What is a(14)?
4
Let g(j) = -5*j - 171. Give g(-31).
-16
Let h(k) = -2*k**3 - 69*k**2 - 547*k + 45. Calculate h(-22).
-21
Let p(n) = -23*n**2 - 23*n + 47. What is p(2)?
-91
Let l(i) = 5*i**2 + 28*i + 67. What is l(-3)?
28
Let v(f) = 57*f + 305. Determine v(-5).
20
Let i(s) = -s**3 - 26*s**2 - 69*s + 23. Determine i(-23).
23
Let h(s) = 2*s**3 - 78*s**2 + 79*s - 202. Determine h(38).
-88
Let a(j) = -j**3 - 18*j**2 - 8*j - 34. Calculate a(0).
-34
Let t(k) = -16*k**3 + 271*k**2 + 15*k + 26. Calculate t(17).
-8
Let y(d) = 38*d + 84. Determine y(6).
312
Let d(r) = -157*r + 1059. Calculate d(7).
-40
Let i(a) = -2*a**3 - 89*a**2 + 45*a + 97. Give i(-45).
97
Let m(r) = 49*r - 939. What is m(19)?
-8
Let o(y) = -4*y**2 + 578*y + 272. Give o(145).
-18
Let r(p) = p**2 - 57*p + 262. Give r(26).
-544
Let i(u) = u**2 + 25*u + 35. Determine i(-7).
-91
Let n(y) = 10*y + 49. What is n(-4)?
9
Let j(r) = 132*r - 6605. Determine j(50).
-5
Let l(u) = -u**3 + u**2 + 2*u - 144. Determine l(0).
-144
Let u(p) = -10*p - 1037. Determine u(-104).
3
Let h(b) = b**3 - 18*b**2 + 24*b - 24. Calculate h(17).
95
Let n(g) = g**3 + 26*g**2 + 44*g - 107. Calculate n(-24).
-11
Let h(l) = -28*l - 312. Calculate h(-11).
-4
Let h(o) = o**3 - 3*o**2 - 10*o + 54. What is h(4)?
30
Let j(u) = -u**3 - 13*u**2 + u + 37. Give j(-12).
-119
Let a(d) = -d**2 + 452*d + 2268. Give a(-5).
-17
Let n(u) = -18*u - 161. Calculate n(-13).
73
Let s(j) = -35*j - 4262. Give s(-122).
8
Let k(o) = -o**3 + 15*o**2 - 20*o + 88. Give k(14).
4
Let q(b) = 2*b**2 - 30*b - 6768. Determine q(66).
-36
Let q(i) = -11*i + 14. Give q(-19).
223
Let k(s) = -s**2 - 6*s + 1130. Give k(-37).
-17
Let d(s) = s**3 + 56*s**2 + 324*s - 928. Calculate d(-49).
3
Let t(v) = 131*v - 17027. What is t(130)?
3
Let s(u) = 11*u**2 + 25*u + 12. Calculate s(-2).
6
Let i(g) = 2*g**2 - 109*g - 1335. Calculate i(65).
30
Let o(a) = -6*a**2 - 532*a + 176. Determine o(-89).
-2
Let s(p) = 15*p + 196. Give s(-16).
-44
Let h(c) = 10*c**3 - 6*c**2 + 26*c - 17. What is h(2)?
91
Let s(q) = q**2 + 13*q - 594. What is s(-31)?
-36
Let o(z) = 11*z**2 - 26*z - 27. Give o(-1).
10
Let o(t) = -t**3 - 11*t**2 - 24*t - 435. Determine o(-12).
-3
Let t(i) = i**2 + 51*i + 260. Calculate t(-7).
-48
Let k(h) = -506*h + 8599. Calculate k(17).
-3
Let t(m) = 64*m + 461. Calculate t(-7).
13
Let z(x) = -x**3 - 23*x**2 - 17*x + 35. Calculate z(-23).
426
Let k(n) = -5*n - 26. Determine k(10).
-76
Let u(m) = -m**3 - 15*m**2 + 35*m + 16. Calculate u(-17).
-1
Let f(o) = -2*o**2 - 64*o - 156. What is f(-32)?
-156
Let k(t) = t**2 - 654*t + 3884. What is k(6)?
-4
Let k(s) = 146*s - 1597. Calculate k(11).
9
Let y(d) = -d**2 + 163*d + 43755. Give y(-143).
-3
Let l(y) = -10*y + 42. Give l(6).
-18
Let a(o) = 3*o**2 - 25*o - 173. Give a(13).
9
Let q(j) = j**3 + 39*j**2 + 49*j + 20. Give q(-38).
-398
Let o(s) = -33*s**3 - 11*s**2 - 20*s - 28. What is o(-3)?
824
Let x(v) = 15*v**2 - 598*v - 67. Calculate x(40).
13
Let x(f) = f**3 + 24*f**2 - 49*f - 1931. Determine x(-22).
115
Let v(o) = 2*o**2 - o - 9. Determine v(6).
57
Let r(s) = 10*s - 679. Give r(31).
-369
Let g(i) = -i**3 + 11*i**2 - 4*i - 4. Determine g(0).
-4
Let s(u) = -u**3 + 3*u**2 - 3*u + 34. Calculate s(4).
6
Let q(f) = -136*f**2 + 117*f + 17. Give q(1).
-2
Let a(d) = -503*d - 7037. Determine a(-14).
5
Let d(b) = -b**3 + 11*b**2 + 3*b - 38. Give d(11).
-5
Let u(g) = -105*g + 86. Determine u(1).
-19
Let g(q) = q - 2. What is g(-4)?
-6
Let t(p) = 692*p + 11083. Give t(-16).
11
Let k(i) = -3*i**3 - 21*i**2 + 23*i + 16. Calculate k(-7).
-145
Let g(z) = 400*z - 2699. Determine g(6).
-299
Let q(r) = -62*r - 599. Calculate q(-11).
83
Let p(z) = -107*z**2 - 1069*z - 1068. Determine p(-1).
-106
Let x(m) = -353*m + 1760. What is x(5)?
-5
Let h(t) = -t**3 + 29*t**2 + 50*t - 166. What is h(30)?
434
Let a(b) = b**2 + 44*b - 2338. Determine a(-75).
-13
Let c(s) = -s**3 - 130*s**2 - 856*s + 43. Determine c(-7).
8
Let r(j) = -36*j - 717. Calculate r(-13).
-249
Let c(d) = -43*d + 654. What is c(15)?
9
Let r(b) = -139*b + 2233. What is r(17)?
-130
Let t(d) = 33*d + 1229. Give t(-36).
41
Let c(x) = -x**2 - 2828*x - 16924. Calculate c(-6).
8
Let d(c) = -15*c**2 - 60*c - 2. Determine d(-4).
-2
Let r(a) = 5*a - 238. Give r(27).
-103
Let b(k) = -k**2 + 77*k - 206. Determine b(3).
16
Let l(c) = -57*c + 271. What is l(4)?
43
Let c(k) = k**3 + 21*k**2 + 34*k + 116. Give c(-20).
-164
Let w(l) = -10956*l + 10949. Give w(1).
-7
Let i(c) = -4*c - 63. Calculate i(-22).
25
Let u(z) = -12*z**2 + 132*z - 131. Calculate u(1).
-11
Let p(v) = v**3 + 30*v**2 - 174*v - 5. Determine p(5).
0
Let x(u) = 119*u - 19. What is x(2)?
219
Let g(r) = r**3 - 5*r**2 - 4*r + 18. Give g(-3).
-42
Let w(o) = 2*o**2 + 29*o - 140. Give w(-17).
-55
Let v(f) = f**3 + 11*f**2 - 60*f - 685. Determine v(-11).
-25
Let x(w) = 305*w + 2433. Give x(-8).
-7
Let g(f) = -8*f**3 - 6*f - 9. What is g(-3)?
225
Let s(b) = 46*b**3 + 10669*b**2 - 695*b + 230. Calculate s(-232).
-2
Let l(z) = -3*z**2 - 134*z + 25. Calculate l(-45).
-20
Let q(n) = -59*n - 736. Give q(-12).
-28
Let s(d) = -8*d**3 + 14*d**2 + 31*d - 7. Give s(3).
-4
Let r(t) = 3*t**2 + 42*t - 185. Determine r(-23).
436
Let l(d) = -4*d + 77. Determine l(13).
25
Let r(o) = -3*o**2 - 70*o - 240. Give r(-19).
7
Let w(t) = 19*t + 1761. Give w(-79).
260
Let o(s) = 5*s**2 + 391*s - 403. Give o(-79).
-87
Let m